{"id":13,"date":"2024-05-31T12:42:58","date_gmt":"2024-05-31T12:42:58","guid":{"rendered":"http:\/\/schuleanderfeuerwache.com\/?page_id=13"},"modified":"2025-02-21T10:09:13","modified_gmt":"2025-02-21T10:09:13","slug":"datenschutz","status":"publish","type":"page","link":"https:\/\/schuleanderfeuerwache.com\/?page_id=13","title":{"rendered":"Impressum"},"content":{"rendered":"\n<p>Diese Website wird betrieben von der:<\/p>\n\n\n\n<p><em>Schule an der alten Feuerwache (Grundschule)<\/em><\/p>\n\n\n\n<p><em>Schnellerstra\u00dfe 31<\/em><\/p>\n\n\n\n<p><em>12439 Berlin<\/em><\/p>\n\n\n\n<p><em>Telefonnummer: (030) 636 13 31<\/em><\/p>\n\n\n\n<p><em>Faxnummer: (030)&nbsp;&nbsp;63 10 42 12 &nbsp;&nbsp;&nbsp;&nbsp;&nbsp;&nbsp;&nbsp;&nbsp;&nbsp;&nbsp;&nbsp;&nbsp;&nbsp;&nbsp;&nbsp;&nbsp;&nbsp;&nbsp;&nbsp;&nbsp;&nbsp;&nbsp;&nbsp;&nbsp;&nbsp;&nbsp;&nbsp;&nbsp;&nbsp;&nbsp;&nbsp;&nbsp;&nbsp;&nbsp;&nbsp;&nbsp;&nbsp;&nbsp;&nbsp;&nbsp;&nbsp;&nbsp;&nbsp;&nbsp;&nbsp;&nbsp;&nbsp;&nbsp;&nbsp;&nbsp;&nbsp;&nbsp;&nbsp;&nbsp;&nbsp;&nbsp;&nbsp;&nbsp;&nbsp;&nbsp;&nbsp;&nbsp;&nbsp;&nbsp;&nbsp;&nbsp;&nbsp;&nbsp;&nbsp;&nbsp;&nbsp;&nbsp;&nbsp;&nbsp;&nbsp;&nbsp;&nbsp;&nbsp;&nbsp;&nbsp;&nbsp;&nbsp;&nbsp;&nbsp;&nbsp;&nbsp;&nbsp;&nbsp;&nbsp;&nbsp;<\/em><\/p>\n\n\n\n<p><strong>Schulleitung<\/strong><\/p>\n\n\n\n<p><em>Frau Michaela Gewand, Schulleiterin<\/em><\/p>\n\n\n\n<p><em>Frau Jessy Hecker, stellvertretende Schulleiterin<\/em><\/p>\n\n\n\n<p><em>Schnellerstra\u00dfe 31<\/em><\/p>\n\n\n\n<p><em>12439 Berlin<\/em><\/p>\n\n\n\n<p><em>Telefonnummer: (030) 636 13 31<\/em><\/p>\n\n\n\n<p><em>Faxnummer: (030)&nbsp;&nbsp;63 10 42 12<\/em><\/p>\n\n\n\n<p><em>E-Mail: sekretariat@09g07.schule.berlin.de&nbsp;<\/em><\/p>\n\n\n\n<p><br><strong>Schultr\u00e4ger <\/strong>(Diensteanbieter im Sinne des TMG)<\/p>\n\n\n\n<p><em>Land Berlin, vertreten durch<\/em><\/p>\n\n\n\n<p><em>Bezirksamt Treptow-K\u00f6penick von Berlin<\/em><\/p>\n\n\n\n<p><em>Bezirksstadtr\u00e4tin der Abteilung Weiterbildung, Schule, Kultur und Sport<\/em><\/p>\n\n\n\n<p><em>Schul- und Sportamt\/ Bereich Schule<\/em><\/p>\n\n\n\n<p><em>Alt-K\u00f6penick 21, 12555 Berlin<\/em><\/p>\n\n\n\n<p><em>Postanschrift: PF 910240, 12414 Berlin<\/em><\/p>\n\n\n\n<p><em>Tel.: (030) 90297-0, Fax: 8030) 90297-3289<\/em><\/p>\n\n\n\n<p><strong>zust\u00e4ndiges Aufsichtsorgan<\/strong><\/p>\n\n\n\n<p><em>Land Berlin vertreten durch die Senatsverwaltung f\u00fcr Bildung, Jugend und Wissenschaft<\/em><\/p>\n\n\n\n<p><em>Referat I B<\/em><\/p>\n\n\n\n<p><em>Berhard-Wei\u00df-Str. 6, 10178 Berlin<\/em><\/p>\n\n\n\n<p><strong><em>Datenschutzbeauftragte\/r<\/em><\/strong><em>&nbsp;<\/em><\/p>\n\n\n\n<p><em>Wir haben f\u00fcr unsere Schule eine\/n Datenschutzbeauftragte\/n bestellt. Sie erreichen sie\/ihn unter: stellvertretung@09g07.schule.berlin.de<\/em><\/p>\n\n\n\n<p><em>Unseren regionalen Datenschutzbeauftragten erreichen Sie unter: holger.dehring@senbjf.berlin.de<\/em><\/p>\n\n\n\n<p><a href=\"https:\/\/www.schuleanderfeuerwache.de\/conpresso4\/_data\/Info_ueber_die_Verarbeitung_personenbezogener_Daten.pdf\"><strong>Informationen \u00fcber die Verarbeitung personenbezogener Daten an der Schule<\/strong><\/a><\/p>\n\n\n\n<p><strong>Urheberrechte<\/strong><br>\u00a9 Copyright Schule an der alten Feuerwache, Berlin (Deutschland). Alle Rechte bleiben vorbehalten. Text, Bilder, Grafiken, Sound, Animationen und Videos sowie deren Anordnung auf der Website unterliegen dem Schutz des Urheberrechts. Der Inhalt dieser Website darf nicht zu kommerziellen Zwecken verbreitet, ver\u00e4ndert, kopiert oder Dritten zug\u00e4nglich gemacht oder sonst wie genutzt werden. Wir weisen au\u00dferdem darauf hin, dass auf den Websites enthaltene Bilder teilweise dem Urheberrecht Dritter unterliegen. Einige Bilder unserer Hompage wurden uns vom Fotostudio Klaus Seidt freundlicherwiese zur Verf\u00fcgung gestellt. Hierf\u00fcr bedanken wir uns.<br><br><strong>Haftung<\/strong><br>Diese Website wurde mit gr\u00f6\u00dftm\u00f6glicher Sorgfalt zusammengestellt. Trotzdem kann keine Gew\u00e4hr f\u00fcr die Fehlerfreiheit und Genauigkeit der enthaltenen Informationen \u00fcbernommen werden. Jegliche Haftung f\u00fcr Sch\u00e4den, die direkt oder indirekt aus der Benutzung dieser Website entstehen, wird ausgeschlossen, soweit diese nicht auf Vorsatz oder grober Fahrl\u00e4ssigkeit beruhen. Der Ausschluss der Haftung gilt ebenfalls nicht f\u00fcr Sch\u00e4den aus der Verletzung des Lebens, des K\u00f6rpers oder der Gesundheit, soweit diese auf Fahrl\u00e4ssigkeit oder Vorsatz beruhen. Sofern von dieser Website auf Internetseiten verwiesen wird, die von Dritten betrieben werden (Hyperlinks) \u00fcbernimmt die Schule an der alten Feuerwache keine Verantwortung f\u00fcr deren Inhalte.<br><br><strong>Nutzungsrechte<\/strong><br>Die Schule an der alten Feuerwache m\u00f6chte sich Ihnen mit einer innovativen und informativen Website pr\u00e4sentieren. Das darin enthaltene geistige Eigentum ist gesch\u00fctzt. Durch diese Website werden weder Lizenzen zur Nutzung des geistigen Eigentums von Unternehmen der Schule an deralten Feuerwache, noch von Dritten, erteilt.&nbsp;<\/p>\n","protected":false},"excerpt":{"rendered":"<p>Diese Website wird betrieben von der: Schule an der alten Feuerwache (Grundschule) Schnellerstra\u00dfe 31 12439 Berlin Telefonnummer: (030) 636 13 31 Faxnummer: (030)&nbsp;&nbsp;63 10 42 12 &nbsp;&nbsp;&nbsp;&nbsp;&nbsp;&nbsp;&nbsp;&nbsp;&nbsp;&nbsp;&nbsp;&nbsp;&nbsp;&nbsp;&nbsp;&nbsp;&nbsp;&nbsp;&nbsp;&nbsp;&nbsp;&nbsp;&nbsp;&nbsp;&nbsp;&nbsp;&nbsp;&nbsp;&nbsp;&nbsp;&nbsp;&nbsp;&nbsp;&nbsp;&nbsp;&nbsp;&nbsp;&nbsp;&nbsp;&nbsp;&nbsp;&nbsp;&nbsp;&nbsp;&nbsp;&nbsp;&nbsp;&nbsp;&nbsp;&nbsp;&nbsp;&nbsp;&nbsp;&nbsp;&nbsp;&nbsp;&nbsp;&nbsp;&nbsp;&nbsp;&nbsp;&nbsp;&nbsp;&nbsp;&nbsp;&nbsp;&nbsp;&nbsp;&nbsp;&nbsp;&nbsp;&nbsp;&nbsp;&nbsp;&nbsp;&nbsp;&nbsp;&nbsp;&nbsp;&nbsp;&nbsp;&nbsp;&nbsp;&nbsp;&nbsp;&nbsp;&nbsp;&nbsp;&nbsp;&nbsp; Schulleitung Frau Michaela Gewand, Schulleiterin Frau Jessy Hecker, stellvertretende Schulleiterin Schnellerstra\u00dfe 31 12439 Berlin Telefonnummer: (030) 636 13 31 Faxnummer: (030)&nbsp;&nbsp;63 10 42 12 E-Mail: sekretariat@09g07.schule.berlin.de&nbsp; Schultr\u00e4ger (Diensteanbieter [&hellip;]<\/p>\n","protected":false},"author":1,"featured_media":0,"parent":0,"menu_order":0,"comment_status":"closed","ping_status":"closed","template":"","meta":{"ocean_post_layout":"","ocean_both_sidebars_style":"","ocean_both_sidebars_content_width":0,"ocean_both_sidebars_sidebars_width":0,"ocean_sidebar":"","ocean_second_sidebar":"","ocean_disable_margins":"enable","ocean_add_body_class":"","ocean_shortcode_before_top_bar":"","ocean_shortcode_after_top_bar":"","ocean_shortcode_before_header":"","ocean_shortcode_after_header":"","ocean_has_shortcode":"","ocean_shortcode_after_title":"","ocean_shortcode_before_footer_widgets":"","ocean_shortcode_after_footer_widgets":"","ocean_shortcode_before_footer_bottom":"","ocean_shortcode_after_footer_bottom":"","ocean_display_top_bar":"default","ocean_display_header":"default","ocean_header_style":"","ocean_center_header_left_menu":"","ocean_custom_header_template":"","ocean_custom_logo":0,"ocean_custom_retina_logo":0,"ocean_custom_logo_max_width":0,"ocean_custom_logo_tablet_max_width":0,"ocean_custom_logo_mobile_max_width":0,"ocean_custom_logo_max_height":0,"ocean_custom_logo_tablet_max_height":0,"ocean_custom_logo_mobile_max_height":0,"ocean_header_custom_menu":"","ocean_menu_typo_font_family":"","ocean_menu_typo_font_subset":"","ocean_menu_typo_font_size":0,"ocean_menu_typo_font_size_tablet":0,"ocean_menu_typo_font_size_mobile":0,"ocean_menu_typo_font_size_unit":"px","ocean_menu_typo_font_weight":"","ocean_menu_typo_font_weight_tablet":"","ocean_menu_typo_font_weight_mobile":"","ocean_menu_typo_transform":"","ocean_menu_typo_transform_tablet":"","ocean_menu_typo_transform_mobile":"","ocean_menu_typo_line_height":0,"ocean_menu_typo_line_height_tablet":0,"ocean_menu_typo_line_height_mobile":0,"ocean_menu_typo_line_height_unit":"","ocean_menu_typo_spacing":0,"ocean_menu_typo_spacing_tablet":0,"ocean_menu_typo_spacing_mobile":0,"ocean_menu_typo_spacing_unit":"","ocean_menu_link_color":"","ocean_menu_link_color_hover":"","ocean_menu_link_color_active":"","ocean_menu_link_background":"","ocean_menu_link_hover_background":"","ocean_menu_link_active_background":"","ocean_menu_social_links_bg":"","ocean_menu_social_hover_links_bg":"","ocean_menu_social_links_color":"","ocean_menu_social_hover_links_color":"","ocean_disable_title":"default","ocean_disable_heading":"default","ocean_post_title":"","ocean_post_subheading":"","ocean_post_title_style":"","ocean_post_title_background_color":"","ocean_post_title_background":0,"ocean_post_title_bg_image_position":"","ocean_post_title_bg_image_attachment":"","ocean_post_title_bg_image_repeat":"","ocean_post_title_bg_image_size":"","ocean_post_title_height":0,"ocean_post_title_bg_overlay":0.5,"ocean_post_title_bg_overlay_color":"","ocean_disable_breadcrumbs":"default","ocean_breadcrumbs_color":"","ocean_breadcrumbs_separator_color":"","ocean_breadcrumbs_links_color":"","ocean_breadcrumbs_links_hover_color":"","ocean_display_footer_widgets":"default","ocean_display_footer_bottom":"default","ocean_custom_footer_template":"","footnotes":""},"class_list":["post-13","page","type-page","status-publish","hentry","entry"],"_links":{"self":[{"href":"https:\/\/schuleanderfeuerwache.com\/index.php?rest_route=\/wp\/v2\/pages\/13","targetHints":{"allow":["GET"]}}],"collection":[{"href":"https:\/\/schuleanderfeuerwache.com\/index.php?rest_route=\/wp\/v2\/pages"}],"about":[{"href":"https:\/\/schuleanderfeuerwache.com\/index.php?rest_route=\/wp\/v2\/types\/page"}],"author":[{"embeddable":true,"href":"https:\/\/schuleanderfeuerwache.com\/index.php?rest_route=\/wp\/v2\/users\/1"}],"replies":[{"embeddable":true,"href":"https:\/\/schuleanderfeuerwache.com\/index.php?rest_route=%2Fwp%2Fv2%2Fcomments&post=13"}],"version-history":[{"count":4,"href":"https:\/\/schuleanderfeuerwache.com\/index.php?rest_route=\/wp\/v2\/pages\/13\/revisions"}],"predecessor-version":[{"id":395,"href":"https:\/\/schuleanderfeuerwache.com\/index.php?rest_route=\/wp\/v2\/pages\/13\/revisions\/395"}],"wp:attachment":[{"href":"https:\/\/schuleanderfeuerwache.com\/index.php?rest_route=%2Fwp%2Fv2%2Fmedia&parent=13"}],"curies":[{"name":"wp","href":"https:\/\/api.w.org\/{rel}","templated":true}]}}