{"id":42,"date":"2024-05-31T12:49:51","date_gmt":"2024-05-31T12:49:51","guid":{"rendered":"http:\/\/schuleanderfeuerwache.com\/?page_id=42"},"modified":"2025-02-24T08:07:38","modified_gmt":"2025-02-24T08:07:38","slug":"schuelerclub","status":"publish","type":"page","link":"https:\/\/schuleanderfeuerwache.com\/?page_id=42","title":{"rendered":"Sch\u00fclerclub"},"content":{"rendered":"<div class=\"wp-block-image\">\n<figure class=\"alignright size-large is-resized\"><img loading=\"lazy\" decoding=\"async\" width=\"1024\" height=\"537\" src=\"https:\/\/schuleanderfeuerwache.com\/wp-content\/uploads\/2025\/01\/SC-Visitenkarte-1024x537.jpg\" alt=\"\" class=\"wp-image-131\" style=\"width:521px;height:auto\" srcset=\"https:\/\/schuleanderfeuerwache.com\/wp-content\/uploads\/2025\/01\/SC-Visitenkarte-1024x537.jpg 1024w, https:\/\/schuleanderfeuerwache.com\/wp-content\/uploads\/2025\/01\/SC-Visitenkarte-300x157.jpg 300w, https:\/\/schuleanderfeuerwache.com\/wp-content\/uploads\/2025\/01\/SC-Visitenkarte-768x403.jpg 768w, https:\/\/schuleanderfeuerwache.com\/wp-content\/uploads\/2025\/01\/SC-Visitenkarte.jpg 1163w\" sizes=\"auto, (max-width: 1024px) 100vw, 1024px\" \/><\/figure>\n<\/div>\n\n\n<h2 class=\"wp-block-heading\"><\/h2>\n\n\n\n<p>Durch ein breites Spektrum an erlebnis- und freizeitp\u00e4dagogischen Aktivit\u00e4ten werden die Kinder in ihrer Pers\u00f6nlichkeitsentwicklung gest\u00e4rkt. Sie werden dabei aktiv unterst\u00fctzt, ihre eigenen Ressourcen zu erkennen und weiterzuentwickeln.<\/p>\n\n\n\n<p>Das Konzept des Sch\u00fclerclubs wird regelm\u00e4\u00dfig an die Bed\u00fcrfnisse der Sch\u00fcler*innen angepasst und an die sich wandelnden Anforderungen ihrer Lebenswelt ausgerichtet.<\/p>\n\n\n\n<p>Das Projekt Sch\u00fclerclub wird vom Jugendamt des Bezirks Treptow-K\u00f6penick gef\u00f6rdert.<\/p>\n\n\n\n<ul class=\"wp-block-list\">\n<li>Offener Bereich<\/li>\n\n\n\n<li>Hausaufgabenzeit<\/li>\n\n\n\n<li>Handwerklich-k\u00fcnstlerischer Bereich<\/li>\n\n\n\n<li>Aktionstag mit Ausfl\u00fcgen<\/li>\n\n\n\n<li>Politische und kulturelle Bildungsarbeit (zum Beispiel U18 Bundestagswahl)<\/li>\n\n\n\n<li>Lebenspraktische Projekte<\/li>\n\n\n\n<li>Umweltprojekte<\/li>\n\n\n\n<li>Soziale Projekte <\/li>\n\n\n\n<li>Kochen und backen<\/li>\n<\/ul>\n\n\n\n<p><\/p>\n\n\n\n<p><strong>Anmeldung:<\/strong><\/p>\n\n\n\n<p>Anmelden k\u00f6nnen sich ausschlie\u00dflich Sch\u00fclerInnen der Klassenstufen 5 und 6. <\/p>\n\n\n\n<p><\/p>\n\n\n\n<p><strong>\u00d6ffnungszeiten: <\/strong><\/p>\n\n\n\n<p>Montag &#8211;  Freitag ab 13:30 Uhr<\/p>\n","protected":false},"excerpt":{"rendered":"<p>Durch ein breites Spektrum an erlebnis- und freizeitp\u00e4dagogischen Aktivit\u00e4ten werden die Kinder in ihrer Pers\u00f6nlichkeitsentwicklung gest\u00e4rkt. Sie werden dabei aktiv unterst\u00fctzt, ihre eigenen Ressourcen zu erkennen und weiterzuentwickeln. Das Konzept des Sch\u00fclerclubs wird regelm\u00e4\u00dfig an die Bed\u00fcrfnisse der Sch\u00fcler*innen angepasst und an die sich wandelnden Anforderungen ihrer Lebenswelt ausgerichtet. Das Projekt Sch\u00fclerclub wird vom Jugendamt [&hellip;]<\/p>\n","protected":false},"author":1,"featured_media":0,"parent":0,"menu_order":0,"comment_status":"closed","ping_status":"closed","template":"","meta":{"ocean_post_layout":"","ocean_both_sidebars_style":"","ocean_both_sidebars_content_width":0,"ocean_both_sidebars_sidebars_width":0,"ocean_sidebar":"","ocean_second_sidebar":"","ocean_disable_margins":"enable","ocean_add_body_class":"","ocean_shortcode_before_top_bar":"","ocean_shortcode_after_top_bar":"","ocean_shortcode_before_header":"","ocean_shortcode_after_header":"","ocean_has_shortcode":"","ocean_shortcode_after_title":"","ocean_shortcode_before_footer_widgets":"","ocean_shortcode_after_footer_widgets":"","ocean_shortcode_before_footer_bottom":"","ocean_shortcode_after_footer_bottom":"","ocean_display_top_bar":"default","ocean_display_header":"default","ocean_header_style":"","ocean_center_header_left_menu":"","ocean_custom_header_template":"","ocean_custom_logo":0,"ocean_custom_retina_logo":0,"ocean_custom_logo_max_width":0,"ocean_custom_logo_tablet_max_width":0,"ocean_custom_logo_mobile_max_width":0,"ocean_custom_logo_max_height":0,"ocean_custom_logo_tablet_max_height":0,"ocean_custom_logo_mobile_max_height":0,"ocean_header_custom_menu":"","ocean_menu_typo_font_family":"","ocean_menu_typo_font_subset":"","ocean_menu_typo_font_size":0,"ocean_menu_typo_font_size_tablet":0,"ocean_menu_typo_font_size_mobile":0,"ocean_menu_typo_font_size_unit":"px","ocean_menu_typo_font_weight":"","ocean_menu_typo_font_weight_tablet":"","ocean_menu_typo_font_weight_mobile":"","ocean_menu_typo_transform":"","ocean_menu_typo_transform_tablet":"","ocean_menu_typo_transform_mobile":"","ocean_menu_typo_line_height":0,"ocean_menu_typo_line_height_tablet":0,"ocean_menu_typo_line_height_mobile":0,"ocean_menu_typo_line_height_unit":"","ocean_menu_typo_spacing":0,"ocean_menu_typo_spacing_tablet":0,"ocean_menu_typo_spacing_mobile":0,"ocean_menu_typo_spacing_unit":"","ocean_menu_link_color":"","ocean_menu_link_color_hover":"","ocean_menu_link_color_active":"","ocean_menu_link_background":"","ocean_menu_link_hover_background":"","ocean_menu_link_active_background":"","ocean_menu_social_links_bg":"","ocean_menu_social_hover_links_bg":"","ocean_menu_social_links_color":"","ocean_menu_social_hover_links_color":"","ocean_disable_title":"default","ocean_disable_heading":"default","ocean_post_title":"","ocean_post_subheading":"","ocean_post_title_style":"","ocean_post_title_background_color":"","ocean_post_title_background":0,"ocean_post_title_bg_image_position":"","ocean_post_title_bg_image_attachment":"","ocean_post_title_bg_image_repeat":"","ocean_post_title_bg_image_size":"","ocean_post_title_height":0,"ocean_post_title_bg_overlay":0.5,"ocean_post_title_bg_overlay_color":"","ocean_disable_breadcrumbs":"default","ocean_breadcrumbs_color":"","ocean_breadcrumbs_separator_color":"","ocean_breadcrumbs_links_color":"","ocean_breadcrumbs_links_hover_color":"","ocean_display_footer_widgets":"default","ocean_display_footer_bottom":"default","ocean_custom_footer_template":"","footnotes":""},"class_list":["post-42","page","type-page","status-publish","hentry","entry"],"_links":{"self":[{"href":"https:\/\/schuleanderfeuerwache.com\/index.php?rest_route=\/wp\/v2\/pages\/42","targetHints":{"allow":["GET"]}}],"collection":[{"href":"https:\/\/schuleanderfeuerwache.com\/index.php?rest_route=\/wp\/v2\/pages"}],"about":[{"href":"https:\/\/schuleanderfeuerwache.com\/index.php?rest_route=\/wp\/v2\/types\/page"}],"author":[{"embeddable":true,"href":"https:\/\/schuleanderfeuerwache.com\/index.php?rest_route=\/wp\/v2\/users\/1"}],"replies":[{"embeddable":true,"href":"https:\/\/schuleanderfeuerwache.com\/index.php?rest_route=%2Fwp%2Fv2%2Fcomments&post=42"}],"version-history":[{"count":6,"href":"https:\/\/schuleanderfeuerwache.com\/index.php?rest_route=\/wp\/v2\/pages\/42\/revisions"}],"predecessor-version":[{"id":400,"href":"https:\/\/schuleanderfeuerwache.com\/index.php?rest_route=\/wp\/v2\/pages\/42\/revisions\/400"}],"wp:attachment":[{"href":"https:\/\/schuleanderfeuerwache.com\/index.php?rest_route=%2Fwp%2Fv2%2Fmedia&parent=42"}],"curies":[{"name":"wp","href":"https:\/\/api.w.org\/{rel}","templated":true}]}}