{"id":654,"date":"2025-11-05T08:35:07","date_gmt":"2025-11-05T08:35:07","guid":{"rendered":"https:\/\/schuleanderfeuerwache.com\/?page_id=654"},"modified":"2025-11-20T16:01:46","modified_gmt":"2025-11-20T16:01:46","slug":"schulische-hoehepunkte","status":"publish","type":"page","link":"https:\/\/schuleanderfeuerwache.com\/?page_id=654","title":{"rendered":"Schulische H\u00f6hepunkte"},"content":{"rendered":"\n<h2 class=\"wp-block-heading\">Crosslauf Treptow-K\u00f6penick 2025<\/h2>\n\n\n\n<p>Am 8.10.2025 sind Sch\u00fcler*innen unserer 5. und 6. Klassen beim gro\u00dfen Crosslauf der Berliner Schulen angetreten. Sch\u00fclerinnen und Sch\u00fcler aus ganz Treptow-K\u00f6penick sind ca. 1600 m im Hirschgartendreieck in Friedrichshagen gelaufen. Die besten 15 L\u00e4ufer*innen jeder Altersklasse qualifizierten sich f\u00fcr das Berliner Crosslauf-Finale im Fr\u00fchjahr 2026.<br>Herzlichen Gl\u00fcckwunsch an die tollen Laufzeiten und das Durchhalteverm\u00f6gen unsere Sch\u00fcler*innen! <br>Drei L\u00e4ufer*innen unserer Schule haben sich f\u00fcr das berlinweite Crosslauf-Finale qualifiziert.<\/p>\n\n\n\n<figure class=\"wp-block-image size-large\"><img loading=\"lazy\" decoding=\"async\" width=\"1024\" height=\"684\" src=\"https:\/\/schuleanderfeuerwache.com\/wp-content\/uploads\/2025\/11\/DSC09787-1024x684.jpg\" alt=\"\" class=\"wp-image-655\" srcset=\"https:\/\/schuleanderfeuerwache.com\/wp-content\/uploads\/2025\/11\/DSC09787-1024x684.jpg 1024w, https:\/\/schuleanderfeuerwache.com\/wp-content\/uploads\/2025\/11\/DSC09787-300x200.jpg 300w, https:\/\/schuleanderfeuerwache.com\/wp-content\/uploads\/2025\/11\/DSC09787-768x513.jpg 768w, https:\/\/schuleanderfeuerwache.com\/wp-content\/uploads\/2025\/11\/DSC09787-1536x1026.jpg 1536w, https:\/\/schuleanderfeuerwache.com\/wp-content\/uploads\/2025\/11\/DSC09787-2048x1368.jpg 2048w\" sizes=\"auto, (max-width: 1024px) 100vw, 1024px\" \/><\/figure>\n\n\n\n<p><\/p>\n\n\n\n<p><\/p>\n\n\n\n<p><\/p>\n\n\n\n<h2 class=\"wp-block-heading\">Bewegungschallenge 2025 <\/h2>\n\n\n\n<p>Am<strong> <\/strong>27.3.2025 nahm\u00a0unsere Schule mit 50 Kindern aus den Klassen 4 &#8211; 6 an der Bewegungschallenge teil.\u00a0<br>In der degewo-Bewegungschallenge werden innerhalb von 6 Stunden mit 50 Schrittz\u00e4hlern m\u00f6glichst viele Schritte gesammelt. Alle Schritte werden am Tagesende addiert und mit 9 weiteren Schulen aus Treptow K\u00f6penick verglichen. Nachdem wir in den letzten zwei Jahren jeweils Platz 2 erreichten, haben wir in diesem Jahr unsere Schrittanzahl getoppt. <br>Mit \u00fcberragenden <strong>1.809.362 Schritten<\/strong> haben wir den <strong>1. Platz<\/strong> erreicht!<br><br><strong>Film der Siegerehrung<\/strong> Bewegungschallenge 2025 (ab der 3. Minute: Schule an der alten Feuerwache):<strong> <a href=\"https:\/\/youtu.be\/_7RYeTA1YBI?si=BRSrZG2NRhB3zzgv\">https:\/\/youtu.be\/_7RYeTA1YBI?si=BRSrZG2NRhB3zzgv<\/a><\/strong><\/p>\n\n\n\n<figure class=\"wp-block-image size-large\"><img loading=\"lazy\" decoding=\"async\" width=\"1024\" height=\"684\" src=\"https:\/\/schuleanderfeuerwache.com\/wp-content\/uploads\/2025\/11\/DSC04426-1024x684.jpg\" alt=\"\" class=\"wp-image-677\" srcset=\"https:\/\/schuleanderfeuerwache.com\/wp-content\/uploads\/2025\/11\/DSC04426-1024x684.jpg 1024w, https:\/\/schuleanderfeuerwache.com\/wp-content\/uploads\/2025\/11\/DSC04426-300x200.jpg 300w, https:\/\/schuleanderfeuerwache.com\/wp-content\/uploads\/2025\/11\/DSC04426-768x513.jpg 768w, https:\/\/schuleanderfeuerwache.com\/wp-content\/uploads\/2025\/11\/DSC04426-1536x1026.jpg 1536w, https:\/\/schuleanderfeuerwache.com\/wp-content\/uploads\/2025\/11\/DSC04426-2048x1368.jpg 2048w\" sizes=\"auto, (max-width: 1024px) 100vw, 1024px\" \/><\/figure>\n\n\n\n<div class=\"wp-block-group\"><div class=\"wp-block-group__inner-container is-layout-constrained wp-block-group-is-layout-constrained\">\n<div class=\"wp-block-columns is-layout-flex wp-container-core-columns-is-layout-9d6595d7 wp-block-columns-is-layout-flex\">\n<div class=\"wp-block-column is-layout-flow wp-block-column-is-layout-flow\" style=\"flex-basis:100%\">\n<figure class=\"wp-block-gallery has-nested-images columns-default is-cropped wp-block-gallery-1 is-layout-flex wp-block-gallery-is-layout-flex\">\n<figure class=\"wp-block-image size-large is-style-default\"><img loading=\"lazy\" decoding=\"async\" width=\"1024\" height=\"553\" data-id=\"692\" src=\"https:\/\/schuleanderfeuerwache.com\/wp-content\/uploads\/2025\/11\/Bildschirmfoto-2025-11-05-um-10.35.52-1-1024x553.png\" alt=\"\" class=\"wp-image-692\" srcset=\"https:\/\/schuleanderfeuerwache.com\/wp-content\/uploads\/2025\/11\/Bildschirmfoto-2025-11-05-um-10.35.52-1-1024x553.png 1024w, https:\/\/schuleanderfeuerwache.com\/wp-content\/uploads\/2025\/11\/Bildschirmfoto-2025-11-05-um-10.35.52-1-300x162.png 300w, https:\/\/schuleanderfeuerwache.com\/wp-content\/uploads\/2025\/11\/Bildschirmfoto-2025-11-05-um-10.35.52-1-768x414.png 768w, https:\/\/schuleanderfeuerwache.com\/wp-content\/uploads\/2025\/11\/Bildschirmfoto-2025-11-05-um-10.35.52-1-1536x829.png 1536w, https:\/\/schuleanderfeuerwache.com\/wp-content\/uploads\/2025\/11\/Bildschirmfoto-2025-11-05-um-10.35.52-1-2048x1105.png 2048w\" sizes=\"auto, (max-width: 1024px) 100vw, 1024px\" \/><\/figure>\n\n\n\n<figure class=\"wp-block-image size-large\"><img loading=\"lazy\" decoding=\"async\" width=\"1024\" height=\"684\" data-id=\"698\" src=\"https:\/\/schuleanderfeuerwache.com\/wp-content\/uploads\/2025\/11\/DSC04051-1-1024x684.jpg\" alt=\"\" class=\"wp-image-698\" srcset=\"https:\/\/schuleanderfeuerwache.com\/wp-content\/uploads\/2025\/11\/DSC04051-1-1024x684.jpg 1024w, https:\/\/schuleanderfeuerwache.com\/wp-content\/uploads\/2025\/11\/DSC04051-1-300x200.jpg 300w, https:\/\/schuleanderfeuerwache.com\/wp-content\/uploads\/2025\/11\/DSC04051-1-768x513.jpg 768w, https:\/\/schuleanderfeuerwache.com\/wp-content\/uploads\/2025\/11\/DSC04051-1-1536x1026.jpg 1536w, https:\/\/schuleanderfeuerwache.com\/wp-content\/uploads\/2025\/11\/DSC04051-1-2048x1368.jpg 2048w\" sizes=\"auto, (max-width: 1024px) 100vw, 1024px\" \/><\/figure>\n\n\n\n<figure class=\"wp-block-image size-large\"><img loading=\"lazy\" decoding=\"async\" width=\"1024\" height=\"684\" data-id=\"695\" src=\"https:\/\/schuleanderfeuerwache.com\/wp-content\/uploads\/2025\/11\/DSC04062-1-1024x684.jpg\" alt=\"\" class=\"wp-image-695\" srcset=\"https:\/\/schuleanderfeuerwache.com\/wp-content\/uploads\/2025\/11\/DSC04062-1-1024x684.jpg 1024w, https:\/\/schuleanderfeuerwache.com\/wp-content\/uploads\/2025\/11\/DSC04062-1-300x200.jpg 300w, https:\/\/schuleanderfeuerwache.com\/wp-content\/uploads\/2025\/11\/DSC04062-1-768x513.jpg 768w, https:\/\/schuleanderfeuerwache.com\/wp-content\/uploads\/2025\/11\/DSC04062-1-1536x1026.jpg 1536w, https:\/\/schuleanderfeuerwache.com\/wp-content\/uploads\/2025\/11\/DSC04062-1-2048x1368.jpg 2048w\" sizes=\"auto, (max-width: 1024px) 100vw, 1024px\" \/><\/figure>\n\n\n\n<figure class=\"wp-block-image size-large\"><img loading=\"lazy\" decoding=\"async\" width=\"1024\" height=\"684\" data-id=\"701\" src=\"https:\/\/schuleanderfeuerwache.com\/wp-content\/uploads\/2025\/11\/DSC04088-1-1024x684.jpg\" alt=\"\" class=\"wp-image-701\" srcset=\"https:\/\/schuleanderfeuerwache.com\/wp-content\/uploads\/2025\/11\/DSC04088-1-1024x684.jpg 1024w, https:\/\/schuleanderfeuerwache.com\/wp-content\/uploads\/2025\/11\/DSC04088-1-300x200.jpg 300w, https:\/\/schuleanderfeuerwache.com\/wp-content\/uploads\/2025\/11\/DSC04088-1-768x513.jpg 768w, https:\/\/schuleanderfeuerwache.com\/wp-content\/uploads\/2025\/11\/DSC04088-1-1536x1026.jpg 1536w, https:\/\/schuleanderfeuerwache.com\/wp-content\/uploads\/2025\/11\/DSC04088-1-2048x1368.jpg 2048w\" sizes=\"auto, (max-width: 1024px) 100vw, 1024px\" \/><\/figure>\n\n\n\n<figure class=\"wp-block-image size-large\"><img loading=\"lazy\" decoding=\"async\" width=\"1024\" height=\"684\" data-id=\"697\" src=\"https:\/\/schuleanderfeuerwache.com\/wp-content\/uploads\/2025\/11\/DSC04089-1-1024x684.jpg\" alt=\"\" class=\"wp-image-697\" srcset=\"https:\/\/schuleanderfeuerwache.com\/wp-content\/uploads\/2025\/11\/DSC04089-1-1024x684.jpg 1024w, https:\/\/schuleanderfeuerwache.com\/wp-content\/uploads\/2025\/11\/DSC04089-1-300x200.jpg 300w, https:\/\/schuleanderfeuerwache.com\/wp-content\/uploads\/2025\/11\/DSC04089-1-768x513.jpg 768w, https:\/\/schuleanderfeuerwache.com\/wp-content\/uploads\/2025\/11\/DSC04089-1-1536x1026.jpg 1536w, https:\/\/schuleanderfeuerwache.com\/wp-content\/uploads\/2025\/11\/DSC04089-1-2048x1368.jpg 2048w\" sizes=\"auto, (max-width: 1024px) 100vw, 1024px\" \/><\/figure>\n\n\n\n<figure class=\"wp-block-image size-large\"><img loading=\"lazy\" decoding=\"async\" width=\"1024\" height=\"684\" data-id=\"699\" src=\"https:\/\/schuleanderfeuerwache.com\/wp-content\/uploads\/2025\/11\/DSC04116-1-1024x684.jpg\" alt=\"\" class=\"wp-image-699\" srcset=\"https:\/\/schuleanderfeuerwache.com\/wp-content\/uploads\/2025\/11\/DSC04116-1-1024x684.jpg 1024w, https:\/\/schuleanderfeuerwache.com\/wp-content\/uploads\/2025\/11\/DSC04116-1-300x200.jpg 300w, https:\/\/schuleanderfeuerwache.com\/wp-content\/uploads\/2025\/11\/DSC04116-1-768x513.jpg 768w, https:\/\/schuleanderfeuerwache.com\/wp-content\/uploads\/2025\/11\/DSC04116-1-1536x1026.jpg 1536w, https:\/\/schuleanderfeuerwache.com\/wp-content\/uploads\/2025\/11\/DSC04116-1-2048x1368.jpg 2048w\" sizes=\"auto, (max-width: 1024px) 100vw, 1024px\" \/><\/figure>\n\n\n\n<figure class=\"wp-block-image size-large\"><img loading=\"lazy\" decoding=\"async\" width=\"1024\" height=\"684\" data-id=\"696\" src=\"https:\/\/schuleanderfeuerwache.com\/wp-content\/uploads\/2025\/11\/DSC04165-1-1024x684.jpg\" alt=\"\" class=\"wp-image-696\" srcset=\"https:\/\/schuleanderfeuerwache.com\/wp-content\/uploads\/2025\/11\/DSC04165-1-1024x684.jpg 1024w, https:\/\/schuleanderfeuerwache.com\/wp-content\/uploads\/2025\/11\/DSC04165-1-300x200.jpg 300w, https:\/\/schuleanderfeuerwache.com\/wp-content\/uploads\/2025\/11\/DSC04165-1-768x513.jpg 768w, https:\/\/schuleanderfeuerwache.com\/wp-content\/uploads\/2025\/11\/DSC04165-1-1536x1026.jpg 1536w, https:\/\/schuleanderfeuerwache.com\/wp-content\/uploads\/2025\/11\/DSC04165-1-2048x1368.jpg 2048w\" sizes=\"auto, (max-width: 1024px) 100vw, 1024px\" \/><\/figure>\n\n\n\n<figure class=\"wp-block-image size-large\"><img loading=\"lazy\" decoding=\"async\" width=\"1024\" height=\"684\" data-id=\"694\" src=\"https:\/\/schuleanderfeuerwache.com\/wp-content\/uploads\/2025\/11\/DSC04198-1-1024x684.jpg\" alt=\"\" class=\"wp-image-694\" srcset=\"https:\/\/schuleanderfeuerwache.com\/wp-content\/uploads\/2025\/11\/DSC04198-1-1024x684.jpg 1024w, https:\/\/schuleanderfeuerwache.com\/wp-content\/uploads\/2025\/11\/DSC04198-1-300x200.jpg 300w, https:\/\/schuleanderfeuerwache.com\/wp-content\/uploads\/2025\/11\/DSC04198-1-768x513.jpg 768w, https:\/\/schuleanderfeuerwache.com\/wp-content\/uploads\/2025\/11\/DSC04198-1-1536x1026.jpg 1536w, https:\/\/schuleanderfeuerwache.com\/wp-content\/uploads\/2025\/11\/DSC04198-1-2048x1368.jpg 2048w\" sizes=\"auto, (max-width: 1024px) 100vw, 1024px\" \/><\/figure>\n\n\n\n<figure class=\"wp-block-image size-large\"><img loading=\"lazy\" decoding=\"async\" width=\"1024\" height=\"702\" data-id=\"693\" src=\"https:\/\/schuleanderfeuerwache.com\/wp-content\/uploads\/2025\/11\/DSC04430-3-1024x702.jpg\" alt=\"\" class=\"wp-image-693\" srcset=\"https:\/\/schuleanderfeuerwache.com\/wp-content\/uploads\/2025\/11\/DSC04430-3-1024x702.jpg 1024w, https:\/\/schuleanderfeuerwache.com\/wp-content\/uploads\/2025\/11\/DSC04430-3-300x206.jpg 300w, https:\/\/schuleanderfeuerwache.com\/wp-content\/uploads\/2025\/11\/DSC04430-3-768x527.jpg 768w, https:\/\/schuleanderfeuerwache.com\/wp-content\/uploads\/2025\/11\/DSC04430-3-1536x1054.jpg 1536w, https:\/\/schuleanderfeuerwache.com\/wp-content\/uploads\/2025\/11\/DSC04430-3-2048x1405.jpg 2048w\" sizes=\"auto, (max-width: 1024px) 100vw, 1024px\" \/><\/figure>\n\n\n\n<figure class=\"wp-block-image alignfull size-large is-style-rounded\"><img loading=\"lazy\" decoding=\"async\" width=\"1024\" height=\"586\" data-id=\"691\" src=\"https:\/\/schuleanderfeuerwache.com\/wp-content\/uploads\/2025\/11\/DSC04407-Kopie-1-1024x586.jpg\" alt=\"\" class=\"wp-image-691\" srcset=\"https:\/\/schuleanderfeuerwache.com\/wp-content\/uploads\/2025\/11\/DSC04407-Kopie-1-1024x586.jpg 1024w, https:\/\/schuleanderfeuerwache.com\/wp-content\/uploads\/2025\/11\/DSC04407-Kopie-1-300x172.jpg 300w, https:\/\/schuleanderfeuerwache.com\/wp-content\/uploads\/2025\/11\/DSC04407-Kopie-1-768x440.jpg 768w, https:\/\/schuleanderfeuerwache.com\/wp-content\/uploads\/2025\/11\/DSC04407-Kopie-1-1536x879.jpg 1536w, https:\/\/schuleanderfeuerwache.com\/wp-content\/uploads\/2025\/11\/DSC04407-Kopie-1-2048x1172.jpg 2048w\" sizes=\"auto, (max-width: 1024px) 100vw, 1024px\" \/><\/figure>\n<\/figure>\n<\/div>\n<\/div>\n<\/div><\/div>\n\n\n\n<p><\/p>\n\n\n\n<p><\/p>\n\n\n\n<p><\/p>\n\n\n\n<p><\/p>\n\n\n\n<h2 class=\"wp-block-heading\">\u201e4. Union macht Schule Pokal\u201c 2025<\/h2>\n\n\n\n<p>Beim 4. Union macht Schule Pokal\u201c am 12.6.2025 spielten \u00fcber 30 unionkooperierende Schulen im Trainigszentrum Oberspree gegeneinander Fu\u00dfball. Unsere Schule nahm das 4. Mal in Folge mit Jungen und M\u00e4dchen der Klassen 2 \u2013 4 teil.<\/p>\n\n\n\n<p>Film Union macht Schule Pokal 2025: <a href=\"https:\/\/aftv.fc-union-berlin.de\/detail\/video\/update-union-macht-schule-pokal-2025-1-30139\"><strong>https:\/\/aftv.fc-union-berlin.de\/detail\/video\/update-union-macht-schule-pokal-2025-1-30139<\/strong><\/a><\/p>\n\n\n\n<figure class=\"wp-block-image size-large\"><img loading=\"lazy\" decoding=\"async\" width=\"1024\" height=\"559\" src=\"https:\/\/schuleanderfeuerwache.com\/wp-content\/uploads\/2025\/11\/Bildschirmfoto-2025-11-10-um-12.01.20-5-1024x559.png\" alt=\"\" class=\"wp-image-747\" srcset=\"https:\/\/schuleanderfeuerwache.com\/wp-content\/uploads\/2025\/11\/Bildschirmfoto-2025-11-10-um-12.01.20-5-1024x559.png 1024w, https:\/\/schuleanderfeuerwache.com\/wp-content\/uploads\/2025\/11\/Bildschirmfoto-2025-11-10-um-12.01.20-5-300x164.png 300w, https:\/\/schuleanderfeuerwache.com\/wp-content\/uploads\/2025\/11\/Bildschirmfoto-2025-11-10-um-12.01.20-5-768x420.png 768w, https:\/\/schuleanderfeuerwache.com\/wp-content\/uploads\/2025\/11\/Bildschirmfoto-2025-11-10-um-12.01.20-5-1536x839.png 1536w, https:\/\/schuleanderfeuerwache.com\/wp-content\/uploads\/2025\/11\/Bildschirmfoto-2025-11-10-um-12.01.20-5-2048x1119.png 2048w\" sizes=\"auto, (max-width: 1024px) 100vw, 1024px\" \/><\/figure>\n\n\n\n<div class=\"wp-block-group is-nowrap is-layout-flex wp-container-core-group-is-layout-ad2f72ca wp-block-group-is-layout-flex\">\n<div class=\"wp-block-group\"><div class=\"wp-block-group__inner-container is-layout-constrained wp-block-group-is-layout-constrained\">\n<figure class=\"wp-block-gallery has-nested-images columns-default is-cropped wp-block-gallery-2 is-layout-flex wp-block-gallery-is-layout-flex\"><\/figure>\n\n\n\n<figure class=\"wp-block-gallery has-nested-images columns-default is-cropped wp-block-gallery-3 is-layout-flex wp-block-gallery-is-layout-flex\">\n<figure class=\"wp-block-image size-large\"><img loading=\"lazy\" decoding=\"async\" width=\"1024\" height=\"684\" data-id=\"742\" src=\"https:\/\/schuleanderfeuerwache.com\/wp-content\/uploads\/2025\/11\/DSC07015-1-1024x684.jpg\" alt=\"\" class=\"wp-image-742\" srcset=\"https:\/\/schuleanderfeuerwache.com\/wp-content\/uploads\/2025\/11\/DSC07015-1-1024x684.jpg 1024w, https:\/\/schuleanderfeuerwache.com\/wp-content\/uploads\/2025\/11\/DSC07015-1-300x200.jpg 300w, https:\/\/schuleanderfeuerwache.com\/wp-content\/uploads\/2025\/11\/DSC07015-1-768x513.jpg 768w, https:\/\/schuleanderfeuerwache.com\/wp-content\/uploads\/2025\/11\/DSC07015-1-1536x1026.jpg 1536w, https:\/\/schuleanderfeuerwache.com\/wp-content\/uploads\/2025\/11\/DSC07015-1-2048x1368.jpg 2048w\" sizes=\"auto, (max-width: 1024px) 100vw, 1024px\" \/><\/figure>\n\n\n\n<figure class=\"wp-block-image size-large\"><img loading=\"lazy\" decoding=\"async\" width=\"1024\" height=\"684\" data-id=\"744\" src=\"https:\/\/schuleanderfeuerwache.com\/wp-content\/uploads\/2025\/11\/DSC07040-3-1024x684.jpg\" alt=\"\" class=\"wp-image-744\" srcset=\"https:\/\/schuleanderfeuerwache.com\/wp-content\/uploads\/2025\/11\/DSC07040-3-1024x684.jpg 1024w, https:\/\/schuleanderfeuerwache.com\/wp-content\/uploads\/2025\/11\/DSC07040-3-300x200.jpg 300w, https:\/\/schuleanderfeuerwache.com\/wp-content\/uploads\/2025\/11\/DSC07040-3-768x513.jpg 768w, https:\/\/schuleanderfeuerwache.com\/wp-content\/uploads\/2025\/11\/DSC07040-3-1536x1026.jpg 1536w, https:\/\/schuleanderfeuerwache.com\/wp-content\/uploads\/2025\/11\/DSC07040-3-2048x1368.jpg 2048w\" sizes=\"auto, (max-width: 1024px) 100vw, 1024px\" \/><\/figure>\n\n\n\n<figure class=\"wp-block-image size-large\"><img loading=\"lazy\" decoding=\"async\" width=\"1024\" height=\"684\" data-id=\"743\" src=\"https:\/\/schuleanderfeuerwache.com\/wp-content\/uploads\/2025\/11\/DSC07027-1024x684.jpg\" alt=\"\" class=\"wp-image-743\" srcset=\"https:\/\/schuleanderfeuerwache.com\/wp-content\/uploads\/2025\/11\/DSC07027-1024x684.jpg 1024w, https:\/\/schuleanderfeuerwache.com\/wp-content\/uploads\/2025\/11\/DSC07027-300x200.jpg 300w, https:\/\/schuleanderfeuerwache.com\/wp-content\/uploads\/2025\/11\/DSC07027-768x513.jpg 768w, https:\/\/schuleanderfeuerwache.com\/wp-content\/uploads\/2025\/11\/DSC07027-1536x1026.jpg 1536w, https:\/\/schuleanderfeuerwache.com\/wp-content\/uploads\/2025\/11\/DSC07027-2048x1368.jpg 2048w\" sizes=\"auto, (max-width: 1024px) 100vw, 1024px\" \/><\/figure>\n\n\n\n<figure class=\"wp-block-image size-large\"><img loading=\"lazy\" decoding=\"async\" width=\"1024\" height=\"684\" data-id=\"740\" src=\"https:\/\/schuleanderfeuerwache.com\/wp-content\/uploads\/2025\/11\/DSC07061-1024x684.jpg\" alt=\"\" class=\"wp-image-740\" srcset=\"https:\/\/schuleanderfeuerwache.com\/wp-content\/uploads\/2025\/11\/DSC07061-1024x684.jpg 1024w, https:\/\/schuleanderfeuerwache.com\/wp-content\/uploads\/2025\/11\/DSC07061-300x200.jpg 300w, https:\/\/schuleanderfeuerwache.com\/wp-content\/uploads\/2025\/11\/DSC07061-768x513.jpg 768w, https:\/\/schuleanderfeuerwache.com\/wp-content\/uploads\/2025\/11\/DSC07061-1536x1026.jpg 1536w, https:\/\/schuleanderfeuerwache.com\/wp-content\/uploads\/2025\/11\/DSC07061-2048x1368.jpg 2048w\" sizes=\"auto, (max-width: 1024px) 100vw, 1024px\" \/><\/figure>\n\n\n\n<figure class=\"wp-block-image size-large is-style-rounded\"><img loading=\"lazy\" decoding=\"async\" width=\"1024\" height=\"965\" data-id=\"738\" src=\"https:\/\/schuleanderfeuerwache.com\/wp-content\/uploads\/2025\/11\/DSC07085-Kopie-1-1024x965.jpg\" alt=\"\" class=\"wp-image-738\" srcset=\"https:\/\/schuleanderfeuerwache.com\/wp-content\/uploads\/2025\/11\/DSC07085-Kopie-1-1024x965.jpg 1024w, https:\/\/schuleanderfeuerwache.com\/wp-content\/uploads\/2025\/11\/DSC07085-Kopie-1-300x283.jpg 300w, https:\/\/schuleanderfeuerwache.com\/wp-content\/uploads\/2025\/11\/DSC07085-Kopie-1-768x724.jpg 768w, https:\/\/schuleanderfeuerwache.com\/wp-content\/uploads\/2025\/11\/DSC07085-Kopie-1-1536x1448.jpg 1536w, https:\/\/schuleanderfeuerwache.com\/wp-content\/uploads\/2025\/11\/DSC07085-Kopie-1-2048x1931.jpg 2048w\" sizes=\"auto, (max-width: 1024px) 100vw, 1024px\" \/><\/figure>\n\n\n\n<figure class=\"wp-block-image size-large\"><img loading=\"lazy\" decoding=\"async\" width=\"1024\" height=\"684\" data-id=\"745\" src=\"https:\/\/schuleanderfeuerwache.com\/wp-content\/uploads\/2025\/11\/DSC07020-4-1024x684.jpg\" alt=\"\" class=\"wp-image-745\" srcset=\"https:\/\/schuleanderfeuerwache.com\/wp-content\/uploads\/2025\/11\/DSC07020-4-1024x684.jpg 1024w, https:\/\/schuleanderfeuerwache.com\/wp-content\/uploads\/2025\/11\/DSC07020-4-300x200.jpg 300w, https:\/\/schuleanderfeuerwache.com\/wp-content\/uploads\/2025\/11\/DSC07020-4-768x513.jpg 768w, https:\/\/schuleanderfeuerwache.com\/wp-content\/uploads\/2025\/11\/DSC07020-4-1536x1026.jpg 1536w, https:\/\/schuleanderfeuerwache.com\/wp-content\/uploads\/2025\/11\/DSC07020-4-2048x1368.jpg 2048w\" sizes=\"auto, (max-width: 1024px) 100vw, 1024px\" \/><\/figure>\n\n\n\n<figure class=\"wp-block-image size-large is-style-default\"><img loading=\"lazy\" decoding=\"async\" width=\"1024\" height=\"684\" data-id=\"739\" src=\"https:\/\/schuleanderfeuerwache.com\/wp-content\/uploads\/2025\/11\/DSC07128-Kopie-1024x684.jpg\" alt=\"\" class=\"wp-image-739\" srcset=\"https:\/\/schuleanderfeuerwache.com\/wp-content\/uploads\/2025\/11\/DSC07128-Kopie-1024x684.jpg 1024w, https:\/\/schuleanderfeuerwache.com\/wp-content\/uploads\/2025\/11\/DSC07128-Kopie-300x200.jpg 300w, https:\/\/schuleanderfeuerwache.com\/wp-content\/uploads\/2025\/11\/DSC07128-Kopie-768x513.jpg 768w, https:\/\/schuleanderfeuerwache.com\/wp-content\/uploads\/2025\/11\/DSC07128-Kopie-1536x1026.jpg 1536w, https:\/\/schuleanderfeuerwache.com\/wp-content\/uploads\/2025\/11\/DSC07128-Kopie-2048x1368.jpg 2048w\" sizes=\"auto, (max-width: 1024px) 100vw, 1024px\" \/><\/figure>\n<\/figure>\n<\/div><\/div>\n<\/div>\n","protected":false},"excerpt":{"rendered":"<p>Crosslauf Treptow-K\u00f6penick 2025 Am 8.10.2025 sind Sch\u00fcler*innen unserer 5. und 6. Klassen beim gro\u00dfen Crosslauf der Berliner Schulen angetreten. Sch\u00fclerinnen und Sch\u00fcler aus ganz Treptow-K\u00f6penick sind ca. 1600 m im Hirschgartendreieck in Friedrichshagen gelaufen. Die besten 15 L\u00e4ufer*innen jeder Altersklasse qualifizierten sich f\u00fcr das Berliner Crosslauf-Finale im Fr\u00fchjahr 2026.Herzlichen Gl\u00fcckwunsch an die tollen Laufzeiten und [&hellip;]<\/p>\n","protected":false},"author":6,"featured_media":0,"parent":0,"menu_order":0,"comment_status":"closed","ping_status":"closed","template":"","meta":{"ocean_post_layout":"","ocean_both_sidebars_style":"","ocean_both_sidebars_content_width":0,"ocean_both_sidebars_sidebars_width":0,"ocean_sidebar":"","ocean_second_sidebar":"","ocean_disable_margins":"enable","ocean_add_body_class":"","ocean_shortcode_before_top_bar":"","ocean_shortcode_after_top_bar":"","ocean_shortcode_before_header":"","ocean_shortcode_after_header":"","ocean_has_shortcode":"","ocean_shortcode_after_title":"","ocean_shortcode_before_footer_widgets":"","ocean_shortcode_after_footer_widgets":"","ocean_shortcode_before_footer_bottom":"","ocean_shortcode_after_footer_bottom":"","ocean_display_top_bar":"default","ocean_display_header":"default","ocean_header_style":"","ocean_center_header_left_menu":"","ocean_custom_header_template":"","ocean_custom_logo":0,"ocean_custom_retina_logo":0,"ocean_custom_logo_max_width":0,"ocean_custom_logo_tablet_max_width":0,"ocean_custom_logo_mobile_max_width":0,"ocean_custom_logo_max_height":0,"ocean_custom_logo_tablet_max_height":0,"ocean_custom_logo_mobile_max_height":0,"ocean_header_custom_menu":"","ocean_menu_typo_font_family":"","ocean_menu_typo_font_subset":"","ocean_menu_typo_font_size":0,"ocean_menu_typo_font_size_tablet":0,"ocean_menu_typo_font_size_mobile":0,"ocean_menu_typo_font_size_unit":"px","ocean_menu_typo_font_weight":"","ocean_menu_typo_font_weight_tablet":"","ocean_menu_typo_font_weight_mobile":"","ocean_menu_typo_transform":"","ocean_menu_typo_transform_tablet":"","ocean_menu_typo_transform_mobile":"","ocean_menu_typo_line_height":0,"ocean_menu_typo_line_height_tablet":0,"ocean_menu_typo_line_height_mobile":0,"ocean_menu_typo_line_height_unit":"","ocean_menu_typo_spacing":0,"ocean_menu_typo_spacing_tablet":0,"ocean_menu_typo_spacing_mobile":0,"ocean_menu_typo_spacing_unit":"","ocean_menu_link_color":"","ocean_menu_link_color_hover":"","ocean_menu_link_color_active":"","ocean_menu_link_background":"","ocean_menu_link_hover_background":"","ocean_menu_link_active_background":"","ocean_menu_social_links_bg":"","ocean_menu_social_hover_links_bg":"","ocean_menu_social_links_color":"","ocean_menu_social_hover_links_color":"","ocean_disable_title":"default","ocean_disable_heading":"default","ocean_post_title":"","ocean_post_subheading":"","ocean_post_title_style":"","ocean_post_title_background_color":"","ocean_post_title_background":0,"ocean_post_title_bg_image_position":"","ocean_post_title_bg_image_attachment":"","ocean_post_title_bg_image_repeat":"","ocean_post_title_bg_image_size":"","ocean_post_title_height":0,"ocean_post_title_bg_overlay":0.5,"ocean_post_title_bg_overlay_color":"","ocean_disable_breadcrumbs":"default","ocean_breadcrumbs_color":"","ocean_breadcrumbs_separator_color":"","ocean_breadcrumbs_links_color":"","ocean_breadcrumbs_links_hover_color":"","ocean_display_footer_widgets":"default","ocean_display_footer_bottom":"default","ocean_custom_footer_template":"","footnotes":""},"class_list":["post-654","page","type-page","status-publish","hentry","entry"],"_links":{"self":[{"href":"https:\/\/schuleanderfeuerwache.com\/index.php?rest_route=\/wp\/v2\/pages\/654","targetHints":{"allow":["GET"]}}],"collection":[{"href":"https:\/\/schuleanderfeuerwache.com\/index.php?rest_route=\/wp\/v2\/pages"}],"about":[{"href":"https:\/\/schuleanderfeuerwache.com\/index.php?rest_route=\/wp\/v2\/types\/page"}],"author":[{"embeddable":true,"href":"https:\/\/schuleanderfeuerwache.com\/index.php?rest_route=\/wp\/v2\/users\/6"}],"replies":[{"embeddable":true,"href":"https:\/\/schuleanderfeuerwache.com\/index.php?rest_route=%2Fwp%2Fv2%2Fcomments&post=654"}],"version-history":[{"count":25,"href":"https:\/\/schuleanderfeuerwache.com\/index.php?rest_route=\/wp\/v2\/pages\/654\/revisions"}],"predecessor-version":[{"id":752,"href":"https:\/\/schuleanderfeuerwache.com\/index.php?rest_route=\/wp\/v2\/pages\/654\/revisions\/752"}],"wp:attachment":[{"href":"https:\/\/schuleanderfeuerwache.com\/index.php?rest_route=%2Fwp%2Fv2%2Fmedia&parent=654"}],"curies":[{"name":"wp","href":"https:\/\/api.w.org\/{rel}","templated":true}]}}